{"id":35,"date":"2024-07-04T22:02:27","date_gmt":"2024-07-04T22:02:27","guid":{"rendered":"https:\/\/www.centropsicologicocpc.es\/adicciones\/?page_id=35"},"modified":"2024-07-11T20:56:21","modified_gmt":"2024-07-11T20:56:21","slug":"quienes-somos","status":"publish","type":"page","link":"https:\/\/www.centropsicologicocpc.es\/adicciones\/quienes-somos\/","title":{"rendered":"Qui\u00e9nes somos"},"content":{"rendered":"\n<h2 class=\"wp-block-heading\">Cristina Garc\u00eda Gonz\u00e1lez<\/h2>\n\n\n<div class=\"wp-block-image is-style-rounded\">\n<figure class=\"aligncenter size-full is-resized\"><img data-recalc-dims=\"1\" loading=\"lazy\" decoding=\"async\" width=\"720\" height=\"960\" src=\"https:\/\/i0.wp.com\/www.centropsicologicocpc.es\/adicciones\/wp-content\/uploads\/2024\/07\/Cristina-Garcia.webp?resize=720%2C960&#038;ssl=1\" alt=\"\" class=\"wp-image-76\" style=\"aspect-ratio:1;object-fit:cover;width:250px\" srcset=\"https:\/\/i0.wp.com\/www.centropsicologicocpc.es\/adicciones\/wp-content\/uploads\/2024\/07\/Cristina-Garcia.webp?w=720&amp;ssl=1 720w, https:\/\/i0.wp.com\/www.centropsicologicocpc.es\/adicciones\/wp-content\/uploads\/2024\/07\/Cristina-Garcia.webp?resize=225%2C300&amp;ssl=1 225w\" sizes=\"auto, (max-width: 720px) 100vw, 720px\" \/><\/figure>\n<\/div>\n\n\n<p class=\"\">Colegiada&nbsp;<strong>N\u00ba T-2572<\/strong><\/p>\n\n\n\n<p class=\"\">Certificado de\u00a0<strong>Psic\u00f3loga General Sanitaria N\u00ba 5788<\/strong><\/p>\n\n\n\n<p class=\"\"><strong>Directora<\/strong>\u00a0del Centro Psicol\u00f3gico CPC<\/p>\n\n\n\n<ul class=\"wp-block-list\">\n<li class=\"\">Terapia narrativa y terapia cognitivo-conductual.\u00a0 <\/li>\n\n\n\n<li class=\"\">Especialista en trastornos del espectro autista.<\/li>\n\n\n\n<li class=\"\">Necesidades educativas especiales y dificultades de aprendizaje (disgraf\u00eda, discalculia y dislexia). <\/li>\n\n\n\n<li class=\"\">Animadora socio-cultural.<\/li>\n\n\n\n<li class=\"\">Organizadora de talleres y eventos. <\/li>\n\n\n\n<li class=\"\">Tutora pr\u00e1cticas externas del m\u00e1ster general sanitario.<\/li>\n\n\n\n<li class=\"\">Ponente en formaciones.<\/li>\n<\/ul>\n\n\n\n<h3 class=\"wp-block-heading\">Experiencia<\/h3>\n\n\n\n<ul class=\"wp-block-list\">\n<li class=\"\">Psic\u00f3loga\u00a0especialista en psicolog\u00eda evolutiva (infantil y adolescencia).\u00a0<\/li>\n\n\n\n<li class=\"\">Coordinadora provincial\u00a0del GIPEC\u00a0(Grupo de Intervenci\u00f3n Psicol\u00f3gica en Emergencias y Cat\u00e1strofes)\u00a0del Colegio oficial de psicolog\u00eda de Santa Cruz de Tenerife.\u00a0<\/li>\n\n\n\n<li class=\"\">Voluntaria en Protecci\u00f3n Civil\u00a0de Santa Cruz de Tenerife en el \u00e1rea psicosocial.\u00a0<\/li>\n\n\n\n<li class=\"\">Voluntaria de Cruz Roja Espa\u00f1ola\u00a0ERIE psicosocial.\u00a0<\/li>\n\n\n\n<li class=\"\">Voluntaria en SOS desaparecidos.<\/li>\n<\/ul>\n\n\n\n<hr class=\"wp-block-separator has-alpha-channel-opacity\"\/>\n\n\n<div class=\"wp-block-image is-style-rounded\">\n<figure class=\"aligncenter size-full is-resized\"><img data-recalc-dims=\"1\" loading=\"lazy\" decoding=\"async\" width=\"150\" height=\"150\" src=\"https:\/\/i0.wp.com\/www.centropsicologicocpc.es\/adicciones\/wp-content\/uploads\/2024\/07\/May-Bernal.webp?resize=150%2C150&#038;ssl=1\" alt=\"\" class=\"wp-image-77\" style=\"aspect-ratio:1;object-fit:cover;width:250px\"\/><\/figure>\n<\/div>\n\n\n<h2 class=\"wp-block-heading\">May Bernal Mart\u00ednez<\/h2>\n\n\n\n<p class=\"\">Colegiada<strong>\u00a0N\u00ba T-1618<\/strong><\/p>\n\n\n\n<p class=\"\">Certificado de\u00a0<strong>Psic\u00f3loga General Sanitaria N\u00ba 5218<\/strong><\/p>\n\n\n\n<p class=\"\"><strong>Subdirectora<\/strong>\u00a0del Centro Psicol\u00f3gico CPC.<\/p>\n\n\n\n<ul class=\"wp-block-list\">\n<li class=\"\">Psic\u00f3loga\u00a0especializada\u00a0en la rama de la\u00a0psicolog\u00eda cl\u00ednica y de la salud,\u00a0as\u00ed como en la rama de la\u00a0psicolog\u00eda evolutiva y de la educaci\u00f3n.<\/li>\n\n\n\n<li class=\"\">M\u00e1ster en psicopatolog\u00eda y salud.<\/li>\n\n\n\n<li class=\"\"><\/li>\n\n\n\n<li class=\"\">Terapia EMDR (trauma). Terapia Cognitivo-conductual. Atenci\u00f3n psicol\u00f3gica en enfermedades cr\u00f3nicas. Terapia de Pareja.&nbsp; Docente en Talleres y Cursos.<\/li>\n<\/ul>\n\n\n\n<h3 class=\"wp-block-heading\">Experiencia<\/h3>\n\n\n\n<p class=\"\">Miembro de la&nbsp;<strong>Red Nacional de Psic\u00f3logos para la Atenci\u00f3n de V\u00edctimas de Terrorismo<\/strong>. Miembro del&nbsp;<strong>GIPEC&nbsp;<\/strong>(Grupo de Intervenci\u00f3n Psicol\u00f3gica en Emergencias y Cat\u00e1strofes) del COP de Santa Cruz de Tenerife. Miembro de la Junta Directiva de&nbsp;<strong>ASPERCAN<\/strong>&nbsp;(Asociaci\u00f3n Asperger TEA Islas Canarias). Miembro de la Divisi\u00f3n de la Psicolog\u00eda Cl\u00ednica y de La Salud (PCyS).&nbsp;<\/p>\n\n\n\n<p class=\"\">M\u00e1s de veinte a\u00f1os de experiencia profesional en el campo de la Psicolog\u00eda Cl\u00ednica con adultos, ni\u00f1os y adolescentes tanto a nivel individual como grupal en los \u00e1mbitos privado y p\u00fablico.<\/p>\n\n\n\n<hr class=\"wp-block-separator has-alpha-channel-opacity\"\/>\n\n\n<div class=\"wp-block-image is-style-rounded\">\n<figure class=\"aligncenter size-thumbnail is-resized\"><img data-recalc-dims=\"1\" loading=\"lazy\" decoding=\"async\" width=\"150\" height=\"150\" src=\"https:\/\/i0.wp.com\/www.centropsicologicocpc.es\/adicciones\/wp-content\/uploads\/2024\/07\/Roberto-Gil.jpg?resize=150%2C150&#038;ssl=1\" alt=\"\" class=\"wp-image-70\" style=\"aspect-ratio:1;object-fit:cover;width:250px\" srcset=\"https:\/\/i0.wp.com\/www.centropsicologicocpc.es\/adicciones\/wp-content\/uploads\/2024\/07\/Roberto-Gil.jpg?resize=150%2C150&amp;ssl=1 150w, https:\/\/i0.wp.com\/www.centropsicologicocpc.es\/adicciones\/wp-content\/uploads\/2024\/07\/Roberto-Gil.jpg?w=200&amp;ssl=1 200w\" sizes=\"auto, (max-width: 150px) 100vw, 150px\" \/><\/figure>\n<\/div>\n\n\n<h2 class=\"wp-block-heading\">Roberto Gil Jurado<\/h2>\n\n\n\n<p class=\"\">Mas de 10 a\u00f1os de experiencia en adicciones.<\/p>\n\n\n\n<h3 class=\"wp-block-heading\">Experiencia<\/h3>\n\n\n\n<ul class=\"wp-block-list\">\n<li class=\"\">Terapeuta en Instituto Hip\u00f3crates entre 2015 y 2020<\/li>\n\n\n\n<li class=\"\">Director Terap\u00e9utico de F\u00f3rum Salud Mental entre 2020 y 2023<\/li>\n\n\n\n<li class=\"\">T\u00e9cnico diplomado en Adicciones y Trastornos de la Conducta por el Instituto de Neuropsicolog\u00eda y Psicopedagog\u00eda Aplicadas.<\/li>\n\n\n\n<li class=\"\">T\u00e9cnico diplomado en Tecnolog\u00eda y Prevenci\u00f3n dela dependencia por la Universidad Complutense de Madrid.<\/li>\n\n\n\n<li class=\"\">T\u00e9cnico Superior en Integraci\u00f3n Social por Institut Obert de Catalunya<\/li>\n\n\n\n<li class=\"\">Especialista en Mediaci\u00f3n y Resoluci\u00f3n de Conflictos por GES<\/li>\n\n\n\n<li class=\"\">Diplomado en Igualdad por ECCA y la Consejer\u00eda de igualdad, derechos sociales y diversidad del Gobierno de Canarias.<\/li>\n\n\n\n<li class=\"\">Diplomado en T\u00e9cnicas de Terapias de Grupo por Instituto Lidera.<\/li>\n<\/ul>\n\n\n\n<hr class=\"wp-block-separator has-alpha-channel-opacity\"\/>\n\n\n<div class=\"wp-block-image is-style-rounded\">\n<figure class=\"aligncenter size-full is-resized\"><img data-recalc-dims=\"1\" loading=\"lazy\" decoding=\"async\" width=\"1119\" height=\"1463\" src=\"https:\/\/i0.wp.com\/www.centropsicologicocpc.es\/adicciones\/wp-content\/uploads\/2024\/07\/Eva-Cortes.jpg?resize=1119%2C1463&#038;ssl=1\" alt=\"\" class=\"wp-image-83\" style=\"aspect-ratio:1;object-fit:cover;width:250px\" srcset=\"https:\/\/i0.wp.com\/www.centropsicologicocpc.es\/adicciones\/wp-content\/uploads\/2024\/07\/Eva-Cortes.jpg?w=1119&amp;ssl=1 1119w, https:\/\/i0.wp.com\/www.centropsicologicocpc.es\/adicciones\/wp-content\/uploads\/2024\/07\/Eva-Cortes.jpg?resize=229%2C300&amp;ssl=1 229w, https:\/\/i0.wp.com\/www.centropsicologicocpc.es\/adicciones\/wp-content\/uploads\/2024\/07\/Eva-Cortes.jpg?resize=783%2C1024&amp;ssl=1 783w, https:\/\/i0.wp.com\/www.centropsicologicocpc.es\/adicciones\/wp-content\/uploads\/2024\/07\/Eva-Cortes.jpg?resize=768%2C1004&amp;ssl=1 768w\" sizes=\"auto, (max-width: 1119px) 100vw, 1119px\" \/><\/figure>\n<\/div>\n\n\n<h2 class=\"wp-block-heading\">Eva Cort\u00e9s Ramos<\/h2>\n\n\n\n<p class=\"\">Colegiada<strong>\u00a0N\u00ba T-4108<\/strong><\/p>\n\n\n\n<ul class=\"wp-block-list\">\n<li class=\"\">Graduada en psicolog\u00eda con doble menci\u00f3n en psicolog\u00eda de la salud y en intervenci\u00f3n cl\u00ednica en trastornos mentales y del comportamiento.<\/li>\n\n\n\n<li class=\"\">M\u00e1ster en psicolog\u00eda general sanitaria.<\/li>\n\n\n\n<li class=\"\">M\u00e1ster en psicolog\u00eda infantil y juvenil: t\u00e9cnicas y estrategias de intervenci\u00f3n.<\/li>\n\n\n\n<li class=\"\">Especialista en Adicciones.<\/li>\n<\/ul>\n\n\n\n<h3 class=\"wp-block-heading\">Experiencia<\/h3>\n\n\n\n<ul class=\"wp-block-list\">\n<li class=\"\">Actualmente miembro del GIPEC.<\/li>\n<\/ul>\n\n\n\n<hr class=\"wp-block-separator has-alpha-channel-opacity\"\/>\n\n\n\n<p class=\"has-text-align-center\">info@centropsicologicocpc.es<\/p>\n\n\n\n<p class=\"has-text-align-center\"><a href=\"http:\/\/www.centropsicologicocpc.es\">https:\/\/www.centropsicologicocpc.es<\/a><\/p>\n\n\n\n<p class=\"has-text-align-center\">Tel\u00e9fono: 665 300 435<\/p>\n\n\n\n<p class=\"has-text-align-center\" style=\"letter-spacing:5px;text-transform:uppercase\"><a href=\"https:\/\/www.facebook.com\/centropsicologicodecanarias\">facebook<\/a> | <a href=\"https:\/\/www.linkedin.com\/profile\/view?id=316710282\">LinkedIn<\/a> | <a href=\"https:\/\/twitter.com\/CentroPsicolCan\">X<\/a><\/p>\n","protected":false},"excerpt":{"rendered":"<p>Cristina Garc\u00eda Gonz\u00e1lez Colegiada&nbsp;N\u00ba T-2572 Certificado de\u00a0Psic\u00f3loga General Sanitaria N\u00ba 5788 Directora\u00a0del Centro Psicol\u00f3gico CPC Experiencia May Bernal Mart\u00ednez Colegiada\u00a0N\u00ba T-1618 Certificado de\u00a0Psic\u00f3loga General Sanitaria N\u00ba 5218 Subdirectora\u00a0del Centro Psicol\u00f3gico CPC. Experiencia Miembro de la&nbsp;Red Nacional de Psic\u00f3logos para la Atenci\u00f3n de V\u00edctimas de Terrorismo. Miembro del&nbsp;GIPEC&nbsp;(Grupo de Intervenci\u00f3n Psicol\u00f3gica en Emergencias y Cat\u00e1strofes) del [&hellip;]<\/p>\n","protected":false},"author":1,"featured_media":59,"parent":0,"menu_order":0,"comment_status":"closed","ping_status":"closed","template":"","meta":{"nf_dc_page":"","om_disable_all_campaigns":false,"footnotes":""},"class_list":["post-35","page","type-page","status-publish","has-post-thumbnail","czr-hentry"],"yoast_head":"<!-- This site is optimized with the Yoast SEO plugin v27.4 - https:\/\/yoast.com\/product\/yoast-seo-wordpress\/ -->\n<title>Qui\u00e9nes somos - CPC Adicciones<\/title>\n<meta name=\"robots\" content=\"index, follow, max-snippet:-1, max-image-preview:large, max-video-preview:-1\" \/>\n<link rel=\"canonical\" href=\"https:\/\/www.centropsicologicocpc.es\/adicciones\/quienes-somos\/\" \/>\n<meta property=\"og:locale\" content=\"es_ES\" \/>\n<meta property=\"og:type\" content=\"article\" \/>\n<meta property=\"og:title\" content=\"Qui\u00e9nes somos - CPC Adicciones\" \/>\n<meta property=\"og:description\" content=\"Cristina Garc\u00eda Gonz\u00e1lez Colegiada&nbsp;N\u00ba T-2572 Certificado de\u00a0Psic\u00f3loga General Sanitaria N\u00ba 5788 Directora\u00a0del Centro Psicol\u00f3gico CPC Experiencia May Bernal Mart\u00ednez Colegiada\u00a0N\u00ba T-1618 Certificado de\u00a0Psic\u00f3loga General Sanitaria N\u00ba 5218 Subdirectora\u00a0del Centro Psicol\u00f3gico CPC. Experiencia Miembro de la&nbsp;Red Nacional de Psic\u00f3logos para la Atenci\u00f3n de V\u00edctimas de Terrorismo. Miembro del&nbsp;GIPEC&nbsp;(Grupo de Intervenci\u00f3n Psicol\u00f3gica en Emergencias y Cat\u00e1strofes) del [&hellip;]\" \/>\n<meta property=\"og:url\" content=\"https:\/\/www.centropsicologicocpc.es\/adicciones\/quienes-somos\/\" \/>\n<meta property=\"og:site_name\" content=\"CPC Adicciones\" \/>\n<meta property=\"article:modified_time\" content=\"2024-07-11T20:56:21+00:00\" \/>\n<meta property=\"og:image\" content=\"https:\/\/www.centropsicologicocpc.es\/adicciones\/wp-content\/uploads\/2024\/07\/quienes-somos-scaled.jpg\" \/>\n\t<meta property=\"og:image:width\" content=\"2560\" \/>\n\t<meta property=\"og:image:height\" content=\"1773\" \/>\n\t<meta property=\"og:image:type\" content=\"image\/jpeg\" \/>\n<meta name=\"twitter:card\" content=\"summary_large_image\" \/>\n<meta name=\"twitter:label1\" content=\"Tiempo de lectura\" \/>\n\t<meta name=\"twitter:data1\" content=\"4 minutos\" \/>\n<script type=\"application\/ld+json\" class=\"yoast-schema-graph\">{\"@context\":\"https:\\\/\\\/schema.org\",\"@graph\":[{\"@type\":\"WebPage\",\"@id\":\"https:\\\/\\\/www.centropsicologicocpc.es\\\/adicciones\\\/quienes-somos\\\/\",\"url\":\"https:\\\/\\\/www.centropsicologicocpc.es\\\/adicciones\\\/quienes-somos\\\/\",\"name\":\"Qui\u00e9nes somos - CPC Adicciones\",\"isPartOf\":{\"@id\":\"https:\\\/\\\/www.centropsicologicocpc.es\\\/adicciones\\\/#website\"},\"primaryImageOfPage\":{\"@id\":\"https:\\\/\\\/www.centropsicologicocpc.es\\\/adicciones\\\/quienes-somos\\\/#primaryimage\"},\"image\":{\"@id\":\"https:\\\/\\\/www.centropsicologicocpc.es\\\/adicciones\\\/quienes-somos\\\/#primaryimage\"},\"thumbnailUrl\":\"https:\\\/\\\/i0.wp.com\\\/www.centropsicologicocpc.es\\\/adicciones\\\/wp-content\\\/uploads\\\/2024\\\/07\\\/quienes-somos-scaled.jpg?fit=2560%2C1773&ssl=1\",\"datePublished\":\"2024-07-04T22:02:27+00:00\",\"dateModified\":\"2024-07-11T20:56:21+00:00\",\"breadcrumb\":{\"@id\":\"https:\\\/\\\/www.centropsicologicocpc.es\\\/adicciones\\\/quienes-somos\\\/#breadcrumb\"},\"inLanguage\":\"es\",\"potentialAction\":[{\"@type\":\"ReadAction\",\"target\":[\"https:\\\/\\\/www.centropsicologicocpc.es\\\/adicciones\\\/quienes-somos\\\/\"]}]},{\"@type\":\"ImageObject\",\"inLanguage\":\"es\",\"@id\":\"https:\\\/\\\/www.centropsicologicocpc.es\\\/adicciones\\\/quienes-somos\\\/#primaryimage\",\"url\":\"https:\\\/\\\/i0.wp.com\\\/www.centropsicologicocpc.es\\\/adicciones\\\/wp-content\\\/uploads\\\/2024\\\/07\\\/quienes-somos-scaled.jpg?fit=2560%2C1773&ssl=1\",\"contentUrl\":\"https:\\\/\\\/i0.wp.com\\\/www.centropsicologicocpc.es\\\/adicciones\\\/wp-content\\\/uploads\\\/2024\\\/07\\\/quienes-somos-scaled.jpg?fit=2560%2C1773&ssl=1\",\"width\":2560,\"height\":1773},{\"@type\":\"BreadcrumbList\",\"@id\":\"https:\\\/\\\/www.centropsicologicocpc.es\\\/adicciones\\\/quienes-somos\\\/#breadcrumb\",\"itemListElement\":[{\"@type\":\"ListItem\",\"position\":1,\"name\":\"Home\",\"item\":\"https:\\\/\\\/www.centropsicologicocpc.es\\\/adicciones\\\/\"},{\"@type\":\"ListItem\",\"position\":2,\"name\":\"Qui\u00e9nes somos\"}]},{\"@type\":\"WebSite\",\"@id\":\"https:\\\/\\\/www.centropsicologicocpc.es\\\/adicciones\\\/#website\",\"url\":\"https:\\\/\\\/www.centropsicologicocpc.es\\\/adicciones\\\/\",\"name\":\"CPC Adicciones\",\"description\":\"Tratamiento de adicciones en Canarias\",\"publisher\":{\"@id\":\"https:\\\/\\\/www.centropsicologicocpc.es\\\/adicciones\\\/#organization\"},\"potentialAction\":[{\"@type\":\"SearchAction\",\"target\":{\"@type\":\"EntryPoint\",\"urlTemplate\":\"https:\\\/\\\/www.centropsicologicocpc.es\\\/adicciones\\\/?s={search_term_string}\"},\"query-input\":{\"@type\":\"PropertyValueSpecification\",\"valueRequired\":true,\"valueName\":\"search_term_string\"}}],\"inLanguage\":\"es\"},{\"@type\":\"Organization\",\"@id\":\"https:\\\/\\\/www.centropsicologicocpc.es\\\/adicciones\\\/#organization\",\"name\":\"CPC Adicciones\",\"url\":\"https:\\\/\\\/www.centropsicologicocpc.es\\\/adicciones\\\/\",\"logo\":{\"@type\":\"ImageObject\",\"inLanguage\":\"es\",\"@id\":\"https:\\\/\\\/www.centropsicologicocpc.es\\\/adicciones\\\/#\\\/schema\\\/logo\\\/image\\\/\",\"url\":\"https:\\\/\\\/i0.wp.com\\\/www.centropsicologicocpc.es\\\/adicciones\\\/wp-content\\\/uploads\\\/2024\\\/07\\\/cropped-CPC-Adicciones-500px.png?fit=507%2C500&ssl=1\",\"contentUrl\":\"https:\\\/\\\/i0.wp.com\\\/www.centropsicologicocpc.es\\\/adicciones\\\/wp-content\\\/uploads\\\/2024\\\/07\\\/cropped-CPC-Adicciones-500px.png?fit=507%2C500&ssl=1\",\"width\":507,\"height\":500,\"caption\":\"CPC Adicciones\"},\"image\":{\"@id\":\"https:\\\/\\\/www.centropsicologicocpc.es\\\/adicciones\\\/#\\\/schema\\\/logo\\\/image\\\/\"}}]}<\/script>\n<!-- \/ Yoast SEO plugin. -->","yoast_head_json":{"title":"Qui\u00e9nes somos - CPC Adicciones","robots":{"index":"index","follow":"follow","max-snippet":"max-snippet:-1","max-image-preview":"max-image-preview:large","max-video-preview":"max-video-preview:-1"},"canonical":"https:\/\/www.centropsicologicocpc.es\/adicciones\/quienes-somos\/","og_locale":"es_ES","og_type":"article","og_title":"Qui\u00e9nes somos - CPC Adicciones","og_description":"Cristina Garc\u00eda Gonz\u00e1lez Colegiada&nbsp;N\u00ba T-2572 Certificado de\u00a0Psic\u00f3loga General Sanitaria N\u00ba 5788 Directora\u00a0del Centro Psicol\u00f3gico CPC Experiencia May Bernal Mart\u00ednez Colegiada\u00a0N\u00ba T-1618 Certificado de\u00a0Psic\u00f3loga General Sanitaria N\u00ba 5218 Subdirectora\u00a0del Centro Psicol\u00f3gico CPC. Experiencia Miembro de la&nbsp;Red Nacional de Psic\u00f3logos para la Atenci\u00f3n de V\u00edctimas de Terrorismo. Miembro del&nbsp;GIPEC&nbsp;(Grupo de Intervenci\u00f3n Psicol\u00f3gica en Emergencias y Cat\u00e1strofes) del [&hellip;]","og_url":"https:\/\/www.centropsicologicocpc.es\/adicciones\/quienes-somos\/","og_site_name":"CPC Adicciones","article_modified_time":"2024-07-11T20:56:21+00:00","og_image":[{"width":2560,"height":1773,"url":"https:\/\/www.centropsicologicocpc.es\/adicciones\/wp-content\/uploads\/2024\/07\/quienes-somos-scaled.jpg","type":"image\/jpeg"}],"twitter_card":"summary_large_image","twitter_misc":{"Tiempo de lectura":"4 minutos"},"schema":{"@context":"https:\/\/schema.org","@graph":[{"@type":"WebPage","@id":"https:\/\/www.centropsicologicocpc.es\/adicciones\/quienes-somos\/","url":"https:\/\/www.centropsicologicocpc.es\/adicciones\/quienes-somos\/","name":"Qui\u00e9nes somos - CPC Adicciones","isPartOf":{"@id":"https:\/\/www.centropsicologicocpc.es\/adicciones\/#website"},"primaryImageOfPage":{"@id":"https:\/\/www.centropsicologicocpc.es\/adicciones\/quienes-somos\/#primaryimage"},"image":{"@id":"https:\/\/www.centropsicologicocpc.es\/adicciones\/quienes-somos\/#primaryimage"},"thumbnailUrl":"https:\/\/i0.wp.com\/www.centropsicologicocpc.es\/adicciones\/wp-content\/uploads\/2024\/07\/quienes-somos-scaled.jpg?fit=2560%2C1773&ssl=1","datePublished":"2024-07-04T22:02:27+00:00","dateModified":"2024-07-11T20:56:21+00:00","breadcrumb":{"@id":"https:\/\/www.centropsicologicocpc.es\/adicciones\/quienes-somos\/#breadcrumb"},"inLanguage":"es","potentialAction":[{"@type":"ReadAction","target":["https:\/\/www.centropsicologicocpc.es\/adicciones\/quienes-somos\/"]}]},{"@type":"ImageObject","inLanguage":"es","@id":"https:\/\/www.centropsicologicocpc.es\/adicciones\/quienes-somos\/#primaryimage","url":"https:\/\/i0.wp.com\/www.centropsicologicocpc.es\/adicciones\/wp-content\/uploads\/2024\/07\/quienes-somos-scaled.jpg?fit=2560%2C1773&ssl=1","contentUrl":"https:\/\/i0.wp.com\/www.centropsicologicocpc.es\/adicciones\/wp-content\/uploads\/2024\/07\/quienes-somos-scaled.jpg?fit=2560%2C1773&ssl=1","width":2560,"height":1773},{"@type":"BreadcrumbList","@id":"https:\/\/www.centropsicologicocpc.es\/adicciones\/quienes-somos\/#breadcrumb","itemListElement":[{"@type":"ListItem","position":1,"name":"Home","item":"https:\/\/www.centropsicologicocpc.es\/adicciones\/"},{"@type":"ListItem","position":2,"name":"Qui\u00e9nes somos"}]},{"@type":"WebSite","@id":"https:\/\/www.centropsicologicocpc.es\/adicciones\/#website","url":"https:\/\/www.centropsicologicocpc.es\/adicciones\/","name":"CPC Adicciones","description":"Tratamiento de adicciones en Canarias","publisher":{"@id":"https:\/\/www.centropsicologicocpc.es\/adicciones\/#organization"},"potentialAction":[{"@type":"SearchAction","target":{"@type":"EntryPoint","urlTemplate":"https:\/\/www.centropsicologicocpc.es\/adicciones\/?s={search_term_string}"},"query-input":{"@type":"PropertyValueSpecification","valueRequired":true,"valueName":"search_term_string"}}],"inLanguage":"es"},{"@type":"Organization","@id":"https:\/\/www.centropsicologicocpc.es\/adicciones\/#organization","name":"CPC Adicciones","url":"https:\/\/www.centropsicologicocpc.es\/adicciones\/","logo":{"@type":"ImageObject","inLanguage":"es","@id":"https:\/\/www.centropsicologicocpc.es\/adicciones\/#\/schema\/logo\/image\/","url":"https:\/\/i0.wp.com\/www.centropsicologicocpc.es\/adicciones\/wp-content\/uploads\/2024\/07\/cropped-CPC-Adicciones-500px.png?fit=507%2C500&ssl=1","contentUrl":"https:\/\/i0.wp.com\/www.centropsicologicocpc.es\/adicciones\/wp-content\/uploads\/2024\/07\/cropped-CPC-Adicciones-500px.png?fit=507%2C500&ssl=1","width":507,"height":500,"caption":"CPC Adicciones"},"image":{"@id":"https:\/\/www.centropsicologicocpc.es\/adicciones\/#\/schema\/logo\/image\/"}}]}},"jetpack_sharing_enabled":true,"_links":{"self":[{"href":"https:\/\/www.centropsicologicocpc.es\/adicciones\/wp-json\/wp\/v2\/pages\/35","targetHints":{"allow":["GET"]}}],"collection":[{"href":"https:\/\/www.centropsicologicocpc.es\/adicciones\/wp-json\/wp\/v2\/pages"}],"about":[{"href":"https:\/\/www.centropsicologicocpc.es\/adicciones\/wp-json\/wp\/v2\/types\/page"}],"author":[{"embeddable":true,"href":"https:\/\/www.centropsicologicocpc.es\/adicciones\/wp-json\/wp\/v2\/users\/1"}],"replies":[{"embeddable":true,"href":"https:\/\/www.centropsicologicocpc.es\/adicciones\/wp-json\/wp\/v2\/comments?post=35"}],"version-history":[{"count":5,"href":"https:\/\/www.centropsicologicocpc.es\/adicciones\/wp-json\/wp\/v2\/pages\/35\/revisions"}],"predecessor-version":[{"id":84,"href":"https:\/\/www.centropsicologicocpc.es\/adicciones\/wp-json\/wp\/v2\/pages\/35\/revisions\/84"}],"wp:featuredmedia":[{"embeddable":true,"href":"https:\/\/www.centropsicologicocpc.es\/adicciones\/wp-json\/wp\/v2\/media\/59"}],"wp:attachment":[{"href":"https:\/\/www.centropsicologicocpc.es\/adicciones\/wp-json\/wp\/v2\/media?parent=35"}],"curies":[{"name":"wp","href":"https:\/\/api.w.org\/{rel}","templated":true}]}}